inder when 197 is divided by 20.
17
What is the remainder when 28 is divided by 5?
3
Calculate the remainder when 1184 is divided by 108.
104
What is the remainder when 789 is divided by 65?
9
Calculate the remainder when 25 is divided by 9.
7
Calculate the remainder when 85 is divided by 48.
37
What is the remainder when 419 is divided by 106?
101
What is the remainder when 528 is divided by 475?
53
What is the remainder when 1333 is divided by 293?
161
Calculate the remainder when 209 is divided by 40.
9
What is the remainder when 30403 is divided by 46?
43
What is the remainder when 194 is divided by 93?
8
Calculate the remainder when 221 is divided by 8.
5
Calculate the remainder when 109 is divided by 107.
2
What is the remainder when 1624 is divided by 24?
16
Calculate the remainder when 49 is divided by 29.
20
Calculate the remainder when 652 is divided by 174.
130
What is the remainder when 48 is divided by 19?
10
What is the remainder when 3013 is divided by 1506?
1
Calculate the remainder when 3309 is divided by 65.
59
What is the remainder when 804 is divided by 81?
75
Calculate the remainder when 19473 is divided by 91.
90
Calculate the remainder when 5073 is divided by 108.
105
Calculate the remainder when 16794 is divided by 19.
17
Calculate the remainder when 686 is divided by 97.
7
Calculate the remainder when 1972 is divided by 21.
19
Calculate the remainder when 15 is divided by 12.
3
Calculate the remainder when 185 is divided by 38.
33
Calculate the remainder when 721 is divided by 104.
97
Calculate the remainder when 6299 is divided by 191.
187
What is the remainder when 6896 is divided by 209?
208
What is the remainder when 565 is divided by 31?
7
What is the remainder when 343 is divided by 39?
31
What is the remainder when 650 is divided by 2?
0
Calculate the remainder when 828 is divided by 13.
9
What is the remainder when 427 is divided by 2?
1
Calculate the remainder when 932 is divided by 219.
56
Calculate the remainder when 73 is divided by 45.
28
What is the remainder when 146 is divided by 15?
11
What is the remainder when 1279 is divided by 180?
19
Calculate the remainder when 118 is divided by 9.
1
What is the remainder when 227 is divided by 80?
67
What is the remainder when 3561 is divided by 711?
6
What is the remainder when 227 is divided by 93?
41
Calculate the remainder when 1335 is divided by 4.
3
Calculate the remainder when 105 is divided by 36.
33
What is the remainder when 358 is divided by 182?
176
What is the remainder when 17134 is divided by 36?
34
What is the remainder when 405 is divided by 37?
35
What is the remainder when 105 is divided by 22?
17
What is the remainder when 507 is divided by 83?
9
Calculate the remainder when 33135 is divided by 152.
151
What is the remainder when 901 is divided by 222?
13
What is the remainder when 1987 is divided by 117?
115
What is the remainder when 90 is divided by 52?
38
Calculate the remainder when 102 is divided by 35.
32
Calculate the remainder when 484 is divided by 473.
11
What is the remainder when 61 is divided by 11?
6
What is the remainder when 486 is divided by 99?
90
Calculate the remainder when 162 is divided by 27.
0
What is the remainder when 89 is divided by 46?
43
What is the remainder when 261 is divided by 19?
14
Calculate the remainder when 2771 is divided by 12.
11
Calculate the remainder when 2692 is divided by 390.
352
What is the remainder when 698 is divided by 44?
38
Calculate the remainder when 810 is divided by 95.
50
What is the remainder when 381 is divided by 346?
35
Calculate the remainder when 244 is divided by 18.
10
Calculate the remainder when 117 is divided by 115.
2
What is the remainder when 1738 is divided by 37?
36
Calculate the remainder when 106 is divided by 54.
52
Calculate the remainder when 909 is divided by 230.
219
What is the remainder when 1204 is divided by 134?
132
What is the remainder when 255 is divided by 64?
63
What is the remainder when 91 is divided by 31?
29
What is the remainder when 1207 is divided by 152?
143
What is the remainder when 156 is divided by 15?
6
What is the remainder when 501 is divided by 21?
18
What is the remainder when 98 is divided by 55?
43
What is the remainder when 156 is divided by 81?
75
What is the remainder when 526 is divided by 17?
16
What is the remainder when 2308 is divided by 154?
152
What is the remainder when 2159 is divided by 47?
44
What is the remainder when 108 is divided by 56?
52
Calculate the remainder when 781 is divided by 46.
45
Calculate the remainder when 227 is divided by 59.
50
Calculate the remainder when 544 is divided by 9.
4
Calculate the remainder when 850 is divided by 143.
135
Calculate the remainder when 104 is divided by 25.
4
What is the remainder when 630 is divided by 8?
6
Calculate the remainder when 272 is divided by 80.
32
Calculate the remainder when 598 is divided by 50.
48
Calculate the remainder when 436 is divided by 44.
40
Calculate the remainder when 353 is divided by 90.
83
What is the remainder when 130 is divided by 17?
11
What is the remainder when 1653 is divided by 61?
6
What is the remainder when 597 is divided by 29?
17
What is the remainder when 3159 is divided by 29?
27
What is the remainder when 99 is divided by 50?
49
What is the remainder when 783 is divided by 16?
15
What is the remainder when 2716 is divided by 17?
13
What is the remainder when 3772 is divided by 235?
12
What is the remainder when 149 is divided by 10?
9
What is the remainder when 49 is divided by 17?
15
Calculate the remainder when 33 is divided by 7.
5
Calculate the remainder when 324 is divided by 93.
45
Calculate the remainder when 13397 is divided by 174.
173
What is the remainder when 80 is divided by 19?
4
Calculate the remainder when 3022 is divided by 54.
52
Calculate the remainder when 75 is divided by 26.
23
What is the remainder when 23 is divided by 7?
2
What is the remainder when 986 is divided by 19?
17
Calculate the remainder when 1439 is divided by 338.
87
What is the remainder when 5765 is divided by 79?
77
Calculate the remainder when 356 is divided by 87.
8
What is the remainder when 346 is divided by 341?
5
Calculate the remainder when 230 is divided by 33.
32
What is the remainder when 438 is divided by 110?
108
Calculate the remainder when 955 is divided by 936.
19
What is the remainder when 142 is divided by 34?
6
What is the remainder when 467 is divided by 152?
11
What is the remainder when 274 is divided by 23?
21
Calculate the remainder when 101 is divided by 43.
15
Calculate the remainder when 196 is divided by 51.
43
What is the remainder when 398 is divided by 40?
38
Calculate the remainder when 3252 is divided by 14.
4
Calculate the remainder when 606 is divided by 29.
26
What is the remainder when 480 is divided by 117?
12
What is the remainder when 25 is divided by 16?
9
What is the remainder when 1173 is divided by 98?
95
Calculate the remainder when 139 is divided by 48.
43
Calculate the remainder when 38 is divided by 9.
2
What is the remainder when 73479 is divided by 55?
54
Calculate the remainder when 13 is divided by 2.
1
Calculate the remainder when 261 is divided by 125.
11
What is the remainder when 7867 is divided by 14?
13
What is the remainder when 156 is divided by 71?
14
What is the remainder when 88 is divided by 3?
1
What is the remainder when 161 is divided by 11?
7
Calculate the remainder when 581 is divided by 146.
143
What is the remainder when 295 is divided by 33?
31
Calculate the remainder when 402 is divided by 20.
2
Calculate the remainder when 72 is divided by 59.
13
What is the remainder when 595 is divided by 12?
7
Calculate the remainder when 235 is divided by 24.
19
Calculate the remainder when 3219 is divided by 9.
6
What is the remainder when 13929 is divided by 36?
33
What is the remainder when 50 is divided by 39?
11
Calculate the remainder when 1726 is divided by 16.
14
Calculate the remainder when 9624 is divided by 125.
124
What is the remainder when 2052 is divided by 137?
134
What is the remainder when 4154 is divided by 99?
95
What is the remainder when 183 is divided by 21?
15
Calculate the remainder when 561 is divided by 38.
29
What is the remainder when 644 is